se 13) to base 15.
436
401 (base 13) to base 5
10202
Convert -190 (base 16) to base 14.
-208
Convert -aa (base 12) to base 3.
-11211
Convert 2d8 (base 16) to base 13.
440
Convert 23132 (base 9) to base 12.
8b0b
28595 (base 10) to base 8
67663
What is -ac2 (base 14) in base 9?
-2826
What is -1c3d (base 15) in base 4?
-1133311
Convert 747 (base 13) to base 8.
2332
What is -11452 (base 11) in base 12?
-9681
2660 (base 9) to base 16
7ce
Convert -823 (base 10) to base 3.
-1010111
-1033 (base 7) to base 3
-111121
-11151 (base 7) to base 8
-5415
-1122201 (base 3) to base 15
-557
What is -736 (base 16) in base 12?
-109a
775 (base 8) to base 2
111111101
Convert c369 (base 15) to base 7.
231222
453 (base 11) to base 9
662
Convert -114324 (base 8) to base 9.
-58601
Convert 10224 (base 7) to base 11.
1989
Convert -221101 (base 4) to base 6.
-20121
b444 (base 15) to base 8
112311
What is 8652 (base 10) in base 11?
6556
-120211 (base 3) to base 14
-227
What is 1000101101 (base 2) in base 6?
2325
What is -5503 (base 7) in base 8?
-3653
-223454 (base 6) to base 14
-6cb0
What is -3315 (base 9) in base 12?
-14b8
What is -17044 (base 8) in base 5?
-221331
Convert 3901 (base 13) to base 10.
8113
What is -10533 (base 8) in base 3?
-20002120
Convert 6a3 (base 11) to base 15.
3ae
-220 (base 13) to base 4
-11230
Convert -11123322 (base 4) to base 2.
-101011011111010
Convert -4df8 (base 16) to base 14.
-73ba
Convert 1dc2 (base 16) to base 9.
11404
Convert 86288 (base 9) to base 5.
3311404
What is -23121230 (base 4) in base 9?
-71048
Convert 3155 (base 12) to base 11.
4063
Convert -341431 (base 6) to base 14.
-a759
Convert -1675 (base 9) to base 7.
-3512
111304 (base 5) to base 3
12102110
Convert -110011010111100 (base 2) to base 6.
-321432
14918 (base 10) to base 11
10232
What is 6a9 (base 14) in base 2?
10100101101
1641 (base 8) to base 2
1110100001
Convert -1e8 (base 16) to base 14.
-26c
Convert -100000111001 (base 2) to base 7.
-6065
What is a64 (base 15) in base 5?
33334
What is 11220 (base 3) in base 9?
156
What is 8553 (base 9) in base 5?
200120
160 (base 10) to base 13
c4
What is 115 (base 9) in base 12?
7b
What is -1001101111 (base 2) in base 14?
-327
Convert 10100110111011 (base 2) to base 8.
24673
Convert 511 (base 11) to base 5.
4432
What is 34052 (base 6) in base 16?
12b0
Convert -1058 (base 11) to base 14.
-718
What is -41 (base 12) in base 14?
-37
Convert 62001 (base 7) to base 16.
3af5
120143 (base 6) to base 11
7923
Convert 220 (base 16) to base 2.
1000100000
What is 1a0 (base 15) in base 2?
101110111
ab2 (base 16) to base 9
3672
What is 3ba (base 12) in base 10?
574
What is -435 (base 12) in base 16?
-269
Convert 7132 (base 9) to base 15.
1828
1ea (base 16) to base 2
111101010
What is -44322 (base 6) in base 2?
-1100000011010
e1a (base 15) to base 10
3175
1036 (base 8) to base 9
662
-92 (base 14) to base 16
-80
-130 (base 11) to base 15
-a4
What is 21130 (base 7) in base 2?
1010001011111
What is 6364 (base 7) in base 9?
3071
15214 (base 7) to base 8
10201
Convert 213 (base 6) to base 14.
5b
Convert 2215 (base 7) to base 13.
493
Convert 5265 (base 7) to base 10.
1860
-29314 (base 12) to base 8
-160200
What is -12312 (base 4) in base 15?
-1e3
111303 (base 4) to base 3
1220200
344 (base 12) to base 11
400
Convert 4140 (base 10) to base 8.
10054
Convert -235 (base 7) to base 4.
-1330
What is -20222211 (base 3) in base 10?
-5098
11e (base 15) to base 5
2004
Convert 178 (base 12) to base 6.
1032
What is 3262 (base 15) in base 10?
10667
What is 47 (base 16) in base 9?
78
Convert -2012 (base 5) to base 9.
-315
What is 23001 (base 5) in base 9?
2206
Convert 16096 (base 12) to base 14.
b53c
What is 2b1 (base 15) in base 11?
510
Convert -22002112 (base 3) to base 14.
-2216
Convert 4b9 (base 16) to base 8.
2271
Convert -27e4 (base 15) to base 8.
-20533
What is -928 (base 11) in base 14?
-59d
What is 27e (base 16) in base 5?
10023
Convert -474 (base 8) to base 11.
-268
Convert 75ed (base 15) to base 8.
60615
What is 215 (base 10) in base 15?
e5
What is -39c9 (base 16) in base 5?
-433133
Convert -11321 (base 5) to base 8.
-1504
What is -7b2 (base 13) in base 6?
-10052
Convert 1201001202 (base 3) to base 15.
9e3b
Convert -6069 (base 13) to base 8.
-31725
Convert 10110111100 (base 2) to base 3.
2000101
Convert -11787 (base 9) to base 3.
-101212221
What is -5779 (base 10) in base 7?
-22564
What is -26300 (base 7) in base 16?
-1b5f
1572 (base 9) to base 14
619
What is 22177 (base 9) in base 10?
14731
What is -5118 (base 13) in base 5?
-324200
42200 (base 8) to base 6
213104
Convert -52140 (base 7) to base 15.
-3bb3
-73a7 (base 16) to base 13
-10626
Convert -106 (base 9) to base 2.
-1010111
3877 (base 12) to base 15
1d87
Convert 1121341 (base 5) to base 16.
4efd
391 (base 15) to base 4
30223
What is -29224 (base 10) in base 15?
-89d4
-110120 (base 3) to base 9
-416
Convert -3132 (base 5) to base 10.
-417
What is -10110011111 (base 2) in base 15?
-65e
Convert -4020 (base 5) to base 16.
-1fe
What is -1061 (base 8) in base 10?
-561
What is -9091 (base 10) in base 6?
-110031
Convert -311a (base 12) to base 4.
-1103212
What is 12040 (base 8) in base 5?
131102
-574 (base 9) to base 15
-217
Convert -31003 (base 4) to base 12.
-597
What is -213122 (base 6) in base 15?
-52eb
-124 (base 6) to base 8
-64
-2020 (base 5) to base 16
-104
Convert -6504 (base 9) to base 8.
-11257
-12011011 (base 3) to base 16
-ead
Convert -151 (base 13) to base 12.
-177
Convert -4646 (base 8) to base 12.
-151a
Convert 785 (base 13) to base 3.
1202212
What is 13025 (base 6) in base 9?
2618
What is -b8a (base 16) in base 8?
-5612
Convert 12441 (base 6) to base 4.
131221
Convert -166 (base 10) to base 13.
-ca
Convert -927 (base 10) to base 11.
-773
Convert 920 (base 10) to base 8.
1630
What is -31201210 (base 4) in base 3?
-2210222201
What is 3000110 (base 4) in base 15?
39a8
Convert -210101 (base 3) to base 13.
-355
Convert 100211 (base 4) to base 10.
1061
What is -130677 (base 8) in base 3?
-2022102022
121103 (base 5) to base 6
32544
What is 1301 (base 6) in base 5?
2300
-200312 (base 7) to base 16
-83ea
What is 496 (base 11) in base 8?
1115
Convert -29e (base 15) to base 4.
-21113
Convert -760b (base 14) to base 9.
-30871
Convert -1010011111 (base 2) to base 7.
-1646
-110100110 (base 2) to base 10
-422
2102 (base 13) to base 11
3480
What is 4440 (base 6) in base 16?
408
Convert -21043 (base 5) to base 3.
-1220210
What is -459 (base 15) in base 3?
-1100110
1000001110 (base 2) to base 3
201111
Convert -29776 (base 10) to base 4.
-13101100
What is -113123 (base 5) in base 15?
-1378
What is -310013 (base 5) in base 9?
-14650
1000011100001010 (base 2) to base 7
202534
Convert -12601 (base 8) to base 10.
-5505
Convert -3294 (base 10) to base 9.
-4460
Convert -1052155 (base 6) to base 5.
-3204024
Convert -6513 (base 11) to base 8.
-20635
Convert -5c3 (base 13) to base 16.
-3ec
Convert 28d (base 14) to base 6.
2221
Convert -297 (base 13) to base 10.
-462
What is 233 (base 13) in base 7?
1052
Convert -30021 (base 4) to base 15.
-36c
4c60 (base 15) to base 11
1126a
-9ae2 (base 15) to base 12
-17005
Convert 115365 (base 7) to base 2.
101001001111101
Convert -3aa (base 14) to base 12.
-516
-4711 (base 15) to base 11
-1037a
What is 33301 (base 6) in base 13?
2164
Convert 111000011000110 (base 2) to base 10.
28870
Convert a74 (base 13) to base 4.
123321
What is -10100001111 (base 2) in base 8?
-2417
488 (base 11) to base 13
358
Convert -3fd (base 16) to base 14.
-52d
What is -397 (base 10) in base 14?
-205
Convert -104a (base 11) to base 8.
-2551
What is -203362 (base 7) in base 6?
-425134
-1200221 (base 4) to base 16
-1829
What is -4aa (base 16) in base 3?
-1122020
Convert -2760 (base 9) to base 10.
-2079
What is 134031 (base 5) in base 15?
197b
What is 11434 (base 6) in base 16?
68e
-14232 (base 8) to base 13
-2b36
What is 11001 (base 5) in base 3?
1000211
Convert -1c7a (base 13) to base 7.
-15420
What is -123313 (base 4) in base 12?
-1047
Convert 1600 (base 11) to base 14.
a6d
What is 1110212222 (base 3) in base 4?
13012112
-10342 (base 5) to base 14
-398
-3770 (base 10) to base 11
-2918
-2200121 (base 3) to base 12
-1174
Convert -122 (base 11) to base 3.
-12101
What is 13111 (base 4) in base 15?
214
Convert